inder when 395 is divided by 57.
53
Calculate the remainder when 437 is divided by 72.
5
What is the remainder when 3523 is divided by 25?
23
Calculate the remainder when 294 is divided by 27.
24
What is the remainder when 4896 is divided by 62?
60
Calculate the remainder when 415 is divided by 70.
65
What is the remainder when 157 is divided by 6?
1
Calculate the remainder when 645 is divided by 112.
85
What is the remainder when 2188 is divided by 15?
13
Calculate the remainder when 330 is divided by 88.
66
What is the remainder when 7418 is divided by 20?
18
What is the remainder when 680 is divided by 13?
4
What is the remainder when 1210 is divided by 240?
10
What is the remainder when 41 is divided by 14?
13
What is the remainder when 1224 is divided by 607?
10
Calculate the remainder when 31968 is divided by 23.
21
What is the remainder when 166 is divided by 24?
22
Calculate the remainder when 168 is divided by 29.
23
What is the remainder when 224 is divided by 23?
17
Calculate the remainder when 113 is divided by 39.
35
Calculate the remainder when 1697 is divided by 17.
14
What is the remainder when 171 is divided by 11?
6
What is the remainder when 385 is divided by 78?
73
What is the remainder when 126 is divided by 113?
13
Calculate the remainder when 753 is divided by 14.
11
What is the remainder when 296 is divided by 102?
92
What is the remainder when 321 is divided by 55?
46
What is the remainder when 1402 is divided by 146?
88
Calculate the remainder when 326 is divided by 8.
6
What is the remainder when 718 is divided by 20?
18
What is the remainder when 3418 is divided by 49?
37
What is the remainder when 501 is divided by 51?
42
Calculate the remainder when 67 is divided by 19.
10
Calculate the remainder when 240 is divided by 39.
6
What is the remainder when 185 is divided by 50?
35
Calculate the remainder when 582 is divided by 191.
9
What is the remainder when 1110 is divided by 44?
10
Calculate the remainder when 747 is divided by 30.
27
Calculate the remainder when 199 is divided by 35.
24
What is the remainder when 15910 is divided by 153?
151
What is the remainder when 1064 is divided by 82?
80
Calculate the remainder when 1253 is divided by 84.
77
What is the remainder when 3943 is divided by 327?
19
What is the remainder when 81 is divided by 53?
28
What is the remainder when 1268 is divided by 75?
68
What is the remainder when 197 is divided by 27?
8
Calculate the remainder when 2949 is divided by 8.
5
Calculate the remainder when 301 is divided by 197.
104
Calculate the remainder when 21 is divided by 4.
1
What is the remainder when 359 is divided by 8?
7
What is the remainder when 1024 is divided by 5?
4
What is the remainder when 15048 is divided by 14?
12
Calculate the remainder when 206 is divided by 18.
8
Calculate the remainder when 3668 is divided by 68.
64
What is the remainder when 858 is divided by 259?
81
What is the remainder when 352 is divided by 101?
49
Calculate the remainder when 1845 is divided by 43.
39
Calculate the remainder when 154 is divided by 32.
26
Calculate the remainder when 1168 is divided by 64.
16
What is the remainder when 369 is divided by 8?
1
What is the remainder when 861 is divided by 142?
9
What is the remainder when 91 is divided by 24?
19
What is the remainder when 951 is divided by 4?
3
Calculate the remainder when 880 is divided by 204.
64
Calculate the remainder when 528 is divided by 140.
108
What is the remainder when 80 is divided by 35?
10
What is the remainder when 92 is divided by 30?
2
What is the remainder when 732 is divided by 23?
19
What is the remainder when 20 is divided by 3?
2
What is the remainder when 2044 is divided by 146?
0
What is the remainder when 18 is divided by 7?
4
What is the remainder when 5509 is divided by 104?
101
What is the remainder when 75 is divided by 2?
1
Calculate the remainder when 4759 is divided by 14.
13
Calculate the remainder when 519 is divided by 17.
9
Calculate the remainder when 875 is divided by 105.
35
What is the remainder when 64 is divided by 27?
10
Calculate the remainder when 2685 is divided by 84.
81
Calculate the remainder when 379 is divided by 106.
61
Calculate the remainder when 9042 is divided by 238.
236
What is the remainder when 1959 is divided by 175?
34
Calculate the remainder when 546 is divided by 65.
26
Calculate the remainder when 296 is divided by 28.
16
What is the remainder when 167 is divided by 24?
23
Calculate the remainder when 335 is divided by 13.
10
What is the remainder when 523 is divided by 354?
169
Calculate the remainder when 260 is divided by 45.
35
What is the remainder when 554 is divided by 37?
36
What is the remainder when 1466 is divided by 413?
227
What is the remainder when 2966 is divided by 114?
2
Calculate the remainder when 1609 is divided by 124.
121
Calculate the remainder when 147 is divided by 15.
12
What is the remainder when 233 is divided by 59?
56
What is the remainder when 104 is divided by 60?
44
Calculate the remainder when 125 is divided by 13.
8
Calculate the remainder when 1648 is divided by 274.
4
What is the remainder when 418 is divided by 107?
97
What is the remainder when 219 is divided by 44?
43
What is the remainder when 809 is divided by 10?
9
Calculate the remainder when 131 is divided by 1.
0
What is the remainder when 400 is divided by 31?
28
Calculate the remainder when 788 is divided by 79.
77
Calculate the remainder when 49 is divided by 30.
19
Calculate the remainder when 199 is divided by 53.
40
Calculate the remainder when 129 is divided by 33.
30
Calculate the remainder when 45 is divided by 12.
9
Calculate the remainder when 570 is divided by 57.
0
Calculate the remainder when 1098 is divided by 544.
10
Calculate the remainder when 836 is divided by 415.
6
What is the remainder when 460 is divided by 161?
138
What is the remainder when 30 is divided by 4?
2
What is the remainder when 163 is divided by 59?
45
What is the remainder when 221 is divided by 208?
13
Calculate the remainder when 815 is divided by 68.
67
Calculate the remainder when 847 is divided by 62.
41
What is the remainder when 830 is divided by 120?
110
What is the remainder when 150 is divided by 7?
3
What is the remainder when 11 is divided by 5?
1
What is the remainder when 95 is divided by 20?
15
What is the remainder when 160 is divided by 77?
6
Calculate the remainder when 679 is divided by 87.
70
What is the remainder when 3285 is divided by 106?
105
Calculate the remainder when 127 is divided by 85.
42
Calculate the remainder when 738 is divided by 122.
6
What is the remainder when 138 is divided by 49?
40
What is the remainder when 545 is divided by 9?
5
Calculate the remainder when 1047 is divided by 49.
18
Calculate the remainder when 503 is divided by 18.
17
What is the remainder when 499 is divided by 163?
10
What is the remainder when 104 is divided by 95?
9
What is the remainder when 720 is divided by 84?
48
Calculate the remainder when 392 is divided by 120.
32
Calculate the remainder when 15 is divided by 7.
1
Calculate the remainder when 1114 is divided by 9.
7
What is the remainder when 1661 is divided by 33?
11
Calculate the remainder when 4309 is divided by 19.
15
Calculate the remainder when 54 is divided by 12.
6
What is the remainder when 145 is divided by 17?
9
Calculate the remainder when 2079 is divided by 52.
51
What is the remainder when 1062 is divided by 17?
8
Calculate the remainder when 157 is divided by 141.
16
Calculate the remainder when 5909 is divided by 23.
21
Calculate the remainder when 5756 is divided by 1438.
4
Calculate the remainder when 7199 is divided by 100.
99
What is the remainder when 287 is divided by 96?
95
What is the remainder when 304 is divided by 89?
37
Calculate the remainder when 1598 is divided by 89.
85
What is the remainder when 30806 is divided by 27?
26
What is the remainder when 403 is divided by 124?
31
What is the remainder when 4938 is divided by 81?
78
What is the remainder when 2842 is divided by 36?
34
What is the remainder when 318 is divided by 29?
28
Calculate the remainder when 776 is divided by 56.
48
Calculate the remainder when 996 is divided by 15.
6
What is the remainder when 150 is divid